{"id":98,"date":"2025-04-15T23:44:02","date_gmt":"2025-04-15T23:44:02","guid":{"rendered":"https:\/\/suapa.org\/tienda\/?post_type=product&#038;p=98"},"modified":"2025-04-21T14:28:23","modified_gmt":"2025-04-21T14:28:23","slug":"escuelas-analiticas-encuentro-final-reflexion-conjunta-y-analisis-de-casos","status":"publish","type":"product","link":"https:\/\/suapa.org\/tienda\/product\/escuelas-analiticas-encuentro-final-reflexion-conjunta-y-analisis-de-casos\/","title":{"rendered":"Escuelas Anal\u00edticas &#8211;  Encuentro Final:  Reflexi\u00f3n conjunta y an\u00e1lisis de casos."},"content":{"rendered":"<p><strong>Sonia Bissi, Brian Feldman, Gustavo Barcellos y Eduardo Carvallo<\/strong><\/p>\n<p>S\u00e1bado 27 de septiembre. 10:00-13:00 (MVD\/BSAS)<\/p>\n<p><strong>NOTA: Recibir\u00e1s el link al encuentro algunas horas antes de su inicio. Ante cualquier duda o problema, comunicate con nosotros a traves de info@suapa.org.<\/strong><\/p>\n","protected":false},"excerpt":{"rendered":"<p><strong>Sonia Bissi, Brian Feldman, Gustavo Barcellos y Eduardo Carvallo<\/strong><\/p>\n<p>S\u00e1bado 27 de septiembre. 10:00-13:00 (MVD\/BSAS)<\/p>\n<p><strong>NOTA: Recibir\u00e1s el link al encuentro algunas horas antes de su inicio. Ante cualquier duda o problema, comunicate con nosotros a traves de info@suapa.org.<\/strong><\/p>\n","protected":false},"featured_media":146,"template":"","meta":[],"product_brand":[],"product_cat":[15,20],"product_tag":[],"class_list":{"0":"post-98","1":"product","2":"type-product","3":"status-publish","4":"has-post-thumbnail","6":"product_cat-uncategorized","7":"product_cat-escuelas-analiticas","9":"first","10":"instock","11":"sold-individually","12":"purchasable","13":"product-type-variable"},"_links":{"self":[{"href":"https:\/\/suapa.org\/tienda\/wp-json\/wp\/v2\/product\/98","targetHints":{"allow":["GET"]}}],"collection":[{"href":"https:\/\/suapa.org\/tienda\/wp-json\/wp\/v2\/product"}],"about":[{"href":"https:\/\/suapa.org\/tienda\/wp-json\/wp\/v2\/types\/product"}],"wp:featuredmedia":[{"embeddable":true,"href":"https:\/\/suapa.org\/tienda\/wp-json\/wp\/v2\/media\/146"}],"wp:attachment":[{"href":"https:\/\/suapa.org\/tienda\/wp-json\/wp\/v2\/media?parent=98"}],"wp:term":[{"taxonomy":"product_brand","embeddable":true,"href":"https:\/\/suapa.org\/tienda\/wp-json\/wp\/v2\/product_brand?post=98"},{"taxonomy":"product_cat","embeddable":true,"href":"https:\/\/suapa.org\/tienda\/wp-json\/wp\/v2\/product_cat?post=98"},{"taxonomy":"product_tag","embeddable":true,"href":"https:\/\/suapa.org\/tienda\/wp-json\/wp\/v2\/product_tag?post=98"}],"curies":[{"name":"wp","href":"https:\/\/api.w.org\/{rel}","templated":true}]}}