{"id":94,"date":"2025-04-15T23:44:02","date_gmt":"2025-04-15T23:44:02","guid":{"rendered":"https:\/\/suapa.org\/tienda\/?post_type=product&#038;p=94"},"modified":"2025-09-26T23:42:26","modified_gmt":"2025-09-26T23:42:26","slug":"escuelas-analiticas-la-escuela-arquetipal-las-contribuciones-de-james-hillman-y-rafael-lopez-pedraza","status":"publish","type":"product","link":"https:\/\/suapa.org\/tienda\/product\/escuelas-analiticas-la-escuela-arquetipal-las-contribuciones-de-james-hillman-y-rafael-lopez-pedraza\/","title":{"rendered":"Escuelas Anal\u00edticas &#8211;  La escuela arquetipal:  Las contribuciones de James Hillman y Rafael L\u00f3pez Pedraza."},"content":{"rendered":"<p><strong>Gustavo Barcellos y Eduardo Carvallo<\/strong><\/p>\n<p>S\u00e1bado 16 de agosto. 10:00-13:00 (MVD\/BSAS)<\/p>\n<p>Gustavo es escritor y analista junguiano, miembro de la Asociaci\u00f3n Junguiana de Brasil-AJB y de la Asociaci\u00f3n Internacional de Psicolog\u00eda Anal\u00edtica-IAAP. Es fundador y fue editor de Cadernos Junguianos, la revista anual de AJB, durante diez a\u00f1os. Vivi\u00f3 en los Estados Unidos durante la d\u00e9cada de 1980 donde termin\u00f3 su Maestr\u00eda en Psicolog\u00eda Cl\u00ednica en la New School for Social Research, per\u00edodo en el que tambi\u00e9n estudi\u00f3 en la C. G. Jung Foundation, ambos en la ciudad de Nueva York. En esos a\u00f1os, conoci\u00f3 a James Hillman, con quien estudi\u00f3, convirti\u00e9ndose luego en su mentor y amigo. Al regresar a Brasil, fue principal traductor de la obra de Hillman al portugu\u00e9s, y fue responsable de introducir la psicolog\u00eda arquetipal en Brasil. Es autor de muchos libros y art\u00edculos en el campo de la psicolog\u00eda junguiana y arquetipal, de la imaginaci\u00f3n y de las artes, tanto en Brasil como en el extranjero, entre ellos \u2018O irm\u00e3o: psicologia do arqu\u00e9tipo fraterno\u2019, \u2018Psique &amp; Imagem\u2019, \u2018Zeus: fabula\u00e7\u00e3o do mundo e paternidade arquet\u00edpica\u2019 e \u2018Fronteiras: ensaios de psicologia arquet\u00edpica\u2019.<\/p>\n<p>Eduardo es psiquiatra y Analista junguiano miembro de la IAAP (Cambridge, 2001). Miembro fundador de la Sociedad Venezolana de Analistas Junguianos (SVAJ) y de la Sociedad Colombiana de Analistas Junguianos (SCAJ) Ha participado en procesos de formaci\u00f3n de psicoterapeutas desde 1990 luego de graduarse como psiquiatra y Psicoterapeuta humanista (IDCE, Caracas, 1990). Se form\u00f3 como analista junguiano de la mano de L\u00f3pez-Pedraza (cofundador de la Psicolog\u00eda Arquetipal). Ha participado como analista y supervisor en diferentes procesos de formaci\u00f3n de analistas junguianos en diferentes pa\u00edses de Latinoam\u00e9rica, Europa y EEUU. Es creador del canal de YouTube \u201cArquetypus\u201d a trav\u00e9s del cual mantiene un puente permanente entre especialistas de diferentes disciplinas humanistas, autores y cl\u00ednicos con una amplia audiencia interesada en la Psicolog\u00eda junguiana y arquetipal. Sus art\u00edculos relacionados con complejos culturales, Psicolog\u00eda arquetipal y aplicaci\u00f3n de la Psicolog\u00eda junguiana, est\u00e1n publicados en las principales revistas del campo. Es el ex presidente de la SCAJ, de la SVAJ y del CLAPA (Comit\u00e9 Latinoamericano de Psicolog\u00eda Anal\u00edtica) Desde 2011 vive en la ciudad de Bogot\u00e1, donde mantiene su pr\u00e1ctica cl\u00ednica y acad\u00e9mica de modo presencial y virtual.<\/p>\n<p><strong>NOTA: Recibir\u00e1s el link al encuentro algunas horas antes de su inicio. Ante cualquier duda o problema, comunicate con nosotros a traves de info@suapa.org.<\/strong><\/p>\n","protected":false},"excerpt":{"rendered":"<p><strong>Gustavo Barcellos y Eduardo Carvallo<\/strong><\/p>\n<p>S\u00e1bado 16 de agosto. 10:00-13:00 (MVD\/BSAS)<\/p>\n<p><strong>NOTA: Recibir\u00e1s el link al encuentro algunas horas antes de su inicio. Ante cualquier duda o problema, comunicate con nosotros a traves de info@suapa.org.<\/strong><\/p>\n","protected":false},"featured_media":145,"template":"","meta":[],"product_brand":[],"product_cat":[15,20],"product_tag":[],"class_list":{"0":"post-94","1":"product","2":"type-product","3":"status-publish","4":"has-post-thumbnail","6":"product_cat-uncategorized","7":"product_cat-escuelas-analiticas","9":"first","10":"outofstock","11":"sold-individually","12":"purchasable","13":"product-type-variable"},"_links":{"self":[{"href":"https:\/\/suapa.org\/tienda\/wp-json\/wp\/v2\/product\/94","targetHints":{"allow":["GET"]}}],"collection":[{"href":"https:\/\/suapa.org\/tienda\/wp-json\/wp\/v2\/product"}],"about":[{"href":"https:\/\/suapa.org\/tienda\/wp-json\/wp\/v2\/types\/product"}],"wp:featuredmedia":[{"embeddable":true,"href":"https:\/\/suapa.org\/tienda\/wp-json\/wp\/v2\/media\/145"}],"wp:attachment":[{"href":"https:\/\/suapa.org\/tienda\/wp-json\/wp\/v2\/media?parent=94"}],"wp:term":[{"taxonomy":"product_brand","embeddable":true,"href":"https:\/\/suapa.org\/tienda\/wp-json\/wp\/v2\/product_brand?post=94"},{"taxonomy":"product_cat","embeddable":true,"href":"https:\/\/suapa.org\/tienda\/wp-json\/wp\/v2\/product_cat?post=94"},{"taxonomy":"product_tag","embeddable":true,"href":"https:\/\/suapa.org\/tienda\/wp-json\/wp\/v2\/product_tag?post=94"}],"curies":[{"name":"wp","href":"https:\/\/api.w.org\/{rel}","templated":true}]}}