{"id":90,"date":"2025-04-15T23:44:02","date_gmt":"2025-04-15T23:44:02","guid":{"rendered":"https:\/\/suapa.org\/tienda\/?post_type=product&#038;p=90"},"modified":"2025-09-26T23:42:16","modified_gmt":"2025-09-26T23:42:16","slug":"escuelas-analiticas-la-escuela-del-desarrollo-la-contribucion-de-michael-fordham-a-la-psicologia-analitica","status":"publish","type":"product","link":"https:\/\/suapa.org\/tienda\/product\/escuelas-analiticas-la-escuela-del-desarrollo-la-contribucion-de-michael-fordham-a-la-psicologia-analitica\/","title":{"rendered":"Escuelas Anal\u00edticas &#8211;  La escuela del desarrollo:  La contribuci\u00f3n de Michael Fordham a la Psicolog\u00eda Anal\u00edtica."},"content":{"rendered":"<p><strong>Brian Feldman<\/strong><\/p>\n<p>S\u00e1bado 19 de julio. 10:00-13:00 (MVD\/BSAS)<\/p>\n<p>Brian es psic\u00f3logo cl\u00ednico formado en Johns Hopkins University y en la Universidad de California, en Berkeley. Complet\u00f3 su formaci\u00f3n anal\u00edtica en San Francisco con Joseph Henderson, y como analista de adultos y ni\u00f1os con Michael Fordham en Londres, durante un per\u00edodo de diez a\u00f1os. \u00a0Fue jefe de Psicolog\u00eda Cl\u00ednica en el Centro M\u00e9dico de la Universidad de Stanford, en el Departamento de Psiquiatr\u00eda Infantil. Actualmente es profesor invitado en el Instituto de Psicolog\u00eda; en la Academia de Ciencias de Mosc\u00fa; en la Universidad del Estado de Macau, en China; en la Academia Oriental de Psicolog\u00eda Anal\u00edtica, en China; y en el Departamento de Pediatr\u00eda de la Universidad de Dakar, en Senegal. Ha dictado seminarios en Observaci\u00f3n de beb\u00e9s en Estados Unidos, Rusia y China durante los \u00faltimos veinte a\u00f1os. Es miembro fundador y formador de la Asociaci\u00f3n Internacional de Observaci\u00f3n de Primera Infancia &#8211; International Association of Infant Observation (AIDOBB). Trabaja como analista didacta en Estados Unidos e internacionalmente. Ha publicado art\u00edculos sobre observaci\u00f3n infantil, an\u00e1lisis de ni\u00f1os y adultos. \u00a0Ha trabajado en M\u00e9xico durante muchos a\u00f1os. Su pr\u00e1ctica cl\u00ednica es en espa\u00f1ol y en ingl\u00e9s.<\/p>\n<p><strong>NOTA: Recibir\u00e1s el link al encuentro algunas horas antes de su inicio. Ante cualquier duda o problema, comunicate con nosotros a traves de info@suapa.org.<\/strong><\/p>\n","protected":false},"excerpt":{"rendered":"<p><strong>Brian Feldman<\/strong><\/p>\n<p>S\u00e1bado 19 de julio. 10:00-13:00 (MVD\/BSAS)<\/p>\n<p><strong>NOTA: Recibir\u00e1s el link al encuentro algunas horas antes de su inicio. Ante cualquier duda o problema, comunicate con nosotros a traves de info@suapa.org.<\/strong><\/p>\n","protected":false},"featured_media":144,"template":"","meta":[],"product_brand":[],"product_cat":[15,20],"product_tag":[],"class_list":{"0":"post-90","1":"product","2":"type-product","3":"status-publish","4":"has-post-thumbnail","6":"product_cat-uncategorized","7":"product_cat-escuelas-analiticas","9":"first","10":"outofstock","11":"sold-individually","12":"purchasable","13":"product-type-variable"},"_links":{"self":[{"href":"https:\/\/suapa.org\/tienda\/wp-json\/wp\/v2\/product\/90","targetHints":{"allow":["GET"]}}],"collection":[{"href":"https:\/\/suapa.org\/tienda\/wp-json\/wp\/v2\/product"}],"about":[{"href":"https:\/\/suapa.org\/tienda\/wp-json\/wp\/v2\/types\/product"}],"wp:featuredmedia":[{"embeddable":true,"href":"https:\/\/suapa.org\/tienda\/wp-json\/wp\/v2\/media\/144"}],"wp:attachment":[{"href":"https:\/\/suapa.org\/tienda\/wp-json\/wp\/v2\/media?parent=90"}],"wp:term":[{"taxonomy":"product_brand","embeddable":true,"href":"https:\/\/suapa.org\/tienda\/wp-json\/wp\/v2\/product_brand?post=90"},{"taxonomy":"product_cat","embeddable":true,"href":"https:\/\/suapa.org\/tienda\/wp-json\/wp\/v2\/product_cat?post=90"},{"taxonomy":"product_tag","embeddable":true,"href":"https:\/\/suapa.org\/tienda\/wp-json\/wp\/v2\/product_tag?post=90"}],"curies":[{"name":"wp","href":"https:\/\/api.w.org\/{rel}","templated":true}]}}