{"id":85,"date":"2025-04-15T23:44:02","date_gmt":"2025-04-15T23:44:02","guid":{"rendered":"https:\/\/suapa.org\/tienda\/?post_type=product&#038;p=85"},"modified":"2025-09-26T23:42:08","modified_gmt":"2025-09-26T23:42:08","slug":"escuelas-analiticas-la-escuela-clasica-la-escalera-que-desciende-en-el-agua","status":"publish","type":"product","link":"https:\/\/suapa.org\/tienda\/product\/escuelas-analiticas-la-escuela-clasica-la-escalera-que-desciende-en-el-agua\/","title":{"rendered":"Escuelas Anal\u00edticas &#8211;  La escuela cl\u00e1sica:  La escalera que desciende en el agua"},"content":{"rendered":"<p><strong>Sonia Bissi<\/strong><\/p>\n<p>S\u00e1bado 21 de junio. 10:00-13:00 (MVD\/BSAS)<\/p>\n<p>Sonia es Licenciada en Filosof\u00eda y Letras con orientaci\u00f3n Psicol\u00f3gica, Universidad de Padua Italia; y en Pedagog\u00eda con orientaci\u00f3n psicol\u00f3gica Universidad de Verona Italia, 1993. Se form\u00f3 como analista Junguiana en el Instituto Jung de Z\u00farich y se especializ\u00f3 en psicoterapia con ni\u00f1os y adolescentes. Se especializ\u00f3 en Medicina Psicosom\u00e1tica en Mil\u00e1n y en Terapia de la Respiraci\u00f3n en M\u00fanich. Ha sido miembro de la Sociedad Austriaca de Psicolog\u00eda Anal\u00edtica hasta 2015. Es miembro de SUAPA Sociedad Uruguayo-Argentina de Psicolog\u00eda Anal\u00edtica, y de IAAP, Asociaci\u00f3n Internacional de Psicolog\u00eda Anal\u00edtica. Tambi\u00e9n es miembro de ECP, European Certificate of Psychotherapie y del Colegio de Psicoterapeutas, Provincia de Bolzano, Italia. Su experiencia laboral incluye el trabajo en consultorio particular como psicoterapeuta y analista Junguiana, es supervisora didacta en la formaci\u00f3n de analistas de SUAPA, y ha presentado sus trabajos en Conferencias, Seminarios, Docencias, Consultas y trasmisiones radiales.<\/p>\n<p><strong>NOTA: Recibir\u00e1s el link al encuentro algunas horas antes de su inicio. Ante cualquier duda o problema, comunicate con nosotros a traves de info@suapa.org.<\/strong><\/p>\n","protected":false},"excerpt":{"rendered":"<p><strong>Sonia Bissi<\/strong><\/p>\n<p>S\u00e1bado 21 de junio. 10:00-13:00 (MVD\/BSAS)<\/p>\n<p><strong>NOTA: Recibir\u00e1s el link al encuentro algunas horas antes de su inicio. Ante cualquier duda o problema, comunicate con nosotros a traves de info@suapa.org.<\/strong><\/p>\n","protected":false},"featured_media":143,"template":"","meta":[],"product_brand":[],"product_cat":[15,20],"product_tag":[],"class_list":{"0":"post-85","1":"product","2":"type-product","3":"status-publish","4":"has-post-thumbnail","6":"product_cat-uncategorized","7":"product_cat-escuelas-analiticas","9":"first","10":"outofstock","11":"sold-individually","12":"purchasable","13":"product-type-variable"},"_links":{"self":[{"href":"https:\/\/suapa.org\/tienda\/wp-json\/wp\/v2\/product\/85","targetHints":{"allow":["GET"]}}],"collection":[{"href":"https:\/\/suapa.org\/tienda\/wp-json\/wp\/v2\/product"}],"about":[{"href":"https:\/\/suapa.org\/tienda\/wp-json\/wp\/v2\/types\/product"}],"wp:featuredmedia":[{"embeddable":true,"href":"https:\/\/suapa.org\/tienda\/wp-json\/wp\/v2\/media\/143"}],"wp:attachment":[{"href":"https:\/\/suapa.org\/tienda\/wp-json\/wp\/v2\/media?parent=85"}],"wp:term":[{"taxonomy":"product_brand","embeddable":true,"href":"https:\/\/suapa.org\/tienda\/wp-json\/wp\/v2\/product_brand?post=85"},{"taxonomy":"product_cat","embeddable":true,"href":"https:\/\/suapa.org\/tienda\/wp-json\/wp\/v2\/product_cat?post=85"},{"taxonomy":"product_tag","embeddable":true,"href":"https:\/\/suapa.org\/tienda\/wp-json\/wp\/v2\/product_tag?post=85"}],"curies":[{"name":"wp","href":"https:\/\/api.w.org\/{rel}","templated":true}]}}